)/(h/(-184892)) a composite number?
False
Let n(g) be the third derivative of g**6/30 - g**5/5 + 5*g**4/6 + g**3/2 - 2*g**2. Let z = 2629 + -2620. Is n(z) composite?
True
Is (-1 - (-2040732)/8) + (-73)/(-146) composite?
True
Let o = 61 - 64. Let g(y) = 6*y + 16. Let d be g(o). Is 4/d*(-531)/18 composite?
False
Suppose 8*c + c - 68949 = 0. Is c a composite number?
True
Let a(g) = 13*g**3 + 3*g**2 - 3*g + 2. Let f be a(3). Suppose 64 = -w - 0*w. Let y = w + f. Is y composite?
False
Suppose -2 = -83*b + 84*b. Let h(p) be the third derivative of 73*p**5/20 + p**4/12 - p**3/2 - 16*p**2. Is h(b) prime?
False
Suppose -4*v = -3*v + 3*j - 23154, 3*v - 69392 = 5*j. Suppose -7689 = -w - 5*n, -3*w - 28*n + 31*n + v = 0. Is w composite?
True
Let p(v) = 224*v**3 - 6*v**2 + 13*v - 18. Let n be p(3). Suppose 0 = 10*q - 9415 - n. Is q composite?
False
Let j(a) = -18545*a - 6. Let y(f) = -f - 1. Let h(q) = 2*j(q) - 4*y(q). Is h(-1) a composite number?
True
Suppose q - 16*q = 193560. Let y = -8799 - q. Is y a prime number?
False
Let u be (-1582)/56 + (-6)/8 + 1. Let q be (u/(-2))/(-7)*(-2)/(-4). Let c(j) = 793*j**2 + 2*j. Is c(q) prime?
False
Let t be ((-20)/(-6) - 2)/(15/45). Suppose -t*n + 15834 = -3002. Is n prime?
False
Let z = 239 + -235. Suppose -z*x = -4*c - 14444, c = -5*x + 2*c + 18039. Is x prime?
True
Let i(s) = 30*s**2 - 23*s + 90. Let g be i(3). Let y(b) = b**2 + b. Let w be y(-1). Suppose -32*c + 31*c + g = w. Is c a composite number?
True
Let t be ((-5)/1 - -5) + -2. Is (3 - -40251)/2 + (-2 - t) prime?
False
Let f = -39165 + 95558. Is f composite?
False
Suppose 73*b - 69*b = 12, 53843 = 2*f - 5*b. Is f prime?
False
Suppose -2295*b + 7257020 = -2275*b. Is b a prime number?
True
Let y = 67 + -58. Suppose 3*x - 3644 = -i, -10*x = -y*x + i - 1218. Is x prime?
True
Is (-59439360)/(-69) - (1 + -10) composite?
True
Suppose -2*u + 337899 = -5*f, 656606 + 188059 = 5*u + 4*f. Is u prime?
True
Let p be -7*(145/35 + -4). Let v(o) = -2630*o**3 + 3*o**2 + 4*o + 2. Is v(p) a prime number?
False
Suppose 14 = -6*b + 29 + 15. Let o be 554 - (1 - (-2)/(-2)). Suppose o = b*a - 1701. Is a composite?
True
Suppose 55 = 17*h + 4. Is (9/12)/h*1804 composite?
True
Suppose n - 654211 = -g, -3*n - 8*g + 1038015 = -924628. Is n a prime number?
True
Is ((-2)/16)/((-21)/504) - 1012*-100 composite?
False
Suppose 71 = 9*b + 26. Suppose b*g - 9156 - 20029 = 0. Is g a prime number?
False
Let c(z) be the third derivative of z**6/60 - 17*z**5/15 + 7*z**4/24 + 14*z**3/3 + 25*z**2 + 3*z. Is c(37) composite?
False
Is ((-12)/6 - (-296 - -2))*(-320779)/(-388) a prime number?
False
Let d(k) = 209*k**2 - 7*k - 3. Let g(l) = -2*l + 22. Let a(t) = t + 13. Let b be a(-4). Let v be g(b). Is d(v) composite?
False
Let s(g) = -8*g**3 + 4*g**2 - 3*g - 4. Let i(u) = -9*u**3 + 4*u**2 - 4*u - 3. Let c(n) = -5*i(n) + 6*s(n). Let l be c(3). Is (-39088)/l - 4/(-6) composite?
True
Suppose -194*f - 3528 = -202*f. Let o = 3 + -5. Is (f - o) + 6/2 a prime number?
False
Let t(g) = -8*g + 39. Let x be t(4). Let w(v) = -48*v + 17. Let d(o) = o. Let u(a) = 4*d(a) - w(a). Is u(x) a composite number?
False
Let j be 3555/75 - 5 - (-2)/(-5). Suppose -j*r + 23*r + 6251 = 0. Is r composite?
True
Suppose -2*b - 2 = 4*t, -3 = 5*b - 2*b. Suppose s - 4*g - 137 = t, 2*g + 0*g = 2. Suppose s = -y + 548. Is y composite?
True
Suppose 14936 = -10*i + 14*i. Suppose -10*t + 16611 = -3*t. Let d = i - t. Is d composite?
False
Suppose 0*h + 4*h = 4*n - 392428, 5*n = 2*h + 490517. Is n composite?
False
Let j = -511974 + 1296103. Is j a prime number?
True
Suppose -4*h = -5*k + 15420, 0 = -4*k - 4*h + 12619 - 319. Let q = 5199 - k. Is q a composite number?
True
Let v = 88 + -88. Suppose -12*y + 4*y = v. Suppose y = 5*n - 56 - 14. Is n a composite number?
True
Let k = -164 + 181. Suppose k*c = 12*c + 5185. Is c composite?
True
Suppose 5*d = 2*i - 50, -5*d + 178 = 3*i + 53. Let y be 355/2*56/i. Suppose -7*m + y + 38 = 0. Is m prime?
False
Let a = 226 + -208. Is (-55)/66 - (-146643)/a composite?
True
Let o(k) = -k**2 + 68*k + 841. Is o(62) prime?
True
Suppose -m - 650604 = -5*u + 1509973, 4*m = 3*u - 1296353. Is u a composite number?
True
Let q(t) = t**3 - 5*t**2 - 27*t + 29. Let b be q(8). Let u(l) = -l**3 + 6*l**2 + 3. Let y be u(6). Suppose f + 3*f - 5377 = -b*d, -y*f = -9. Is d composite?
True
Let t(q) = -18*q**2 - 2*q - 45. Let j(c) = 19*c**2 + c + 47. Let x(l) = -4*j(l) - 5*t(l). Is x(21) a composite number?
False
Suppose 2*l = -4, 3*k - 8 = -0*l + 4*l. Suppose 14*h - 182610 - 260252 = k. Is h a composite number?
True
Let w = 85 + -165. Let v be 4/(-18) + w/(-36). Is (-2110)/(-15)*(-3)/v*-1 prime?
True
Suppose 0 = -8*y + 16136 + 76272. Is y a prime number?
True
Suppose -4*s + 10 = -2*s, 3*f - 4*s = -5. Suppose -f*m - 67004 = j, -3*m + 0*j + 3*j - 40206 = 0. Is (-1)/(-4 + 0) - m/12 prime?
True
Let z = 192 + -176. Let s(h) = h**3 - 12*h**2 - 25*h + 25. Is s(z) composite?
True
Is (102715830/945)/(((-12)/46)/(-3)) a prime number?
False
Suppose 6496 = 21*d + 7*d. Suppose -d*q + 228*q + 10052 = 0. Is q a prime number?
False
Let d = -103 - -106. Suppose -d*q + 5*h = 290, 202 = -2*q - 0*h - h. Let x = 354 - q. Is x a composite number?
True
Let y be (-296034)/21 + 96/(-84). Let z = -4421 - y. Is z prime?
True
Let p = 27282 - -26663. Is p a prime number?
False
Let o(g) = 8*g**3 + 9*g**2 + 5*g - 37. Is o(5) a composite number?
False
Suppose -a - 321 = -325. Is a*(-3)/24*-1402 composite?
False
Suppose -6 = -2*z - 298. Let o = 161 - z. Is o composite?
False
Let r(b) = -2*b**3 - 125*b**2 + 50*b + 3663. Is r(-92) composite?
False
Let v = 47453 - 27124. Is v prime?
False
Let n(k) = -25*k + 10. Let i be n(-2). Suppose 59*g = i*g - 11281. Is g composite?
True
Let k(d) = 69*d**3 - 41*d**2 - 4*d + 289. Is k(21) a prime number?
True
Let m(t) = -t**2 + 14*t - 37. Let s be m(7). Let j be s/(-102) - (-6)/51. Suppose 5*y - 2750 - 975 = j. Is y a composite number?
True
Let k be (16/(-48))/((-1)/12). Suppose -2*i + k*n + 3398 = 0, -8*i + 5*i - 4*n = -5067. Is i a composite number?
False
Let j(w) = -w**3 + 5*w**2 + 3*w - 3. Let r be j(3). Let v(a) = 2*a**2 - 32*a - 5. Is v(r) a prime number?
True
Let l be 3/3 - 0 - -57. Suppose -6 - 13 = -3*q + 2*j, -2*q + 3*j + 21 = 0. Suppose -q*h + l = -143. Is h prime?
True
Let s(y) = -5*y**3 + 6*y**2 + 15*y - 11. Let b = -13 + 7. Let o(x) = -9*x**3 + 13*x**2 + 30*x - 22. Let d(g) = b*o(g) + 11*s(g). Is d(-12) a prime number?
True
Suppose 2*a = -18*s + 14*s + 225158, 4*a - s = 450307. Is a composite?
False
Suppose 237*p - 13*p - 19978336 = 0. Is p prime?
True
Let u = -407 - -412. Suppose 20316 = u*g + 7*g. Is g prime?
True
Let m(g) = g**2 + 9*g - 19. Let f be m(-11). Suppose -5*k - 3*h + 78856 = -k, f*h = -5*k + 98573. Is k a prime number?
True
Let x(p) be the second derivative of 147*p**5/20 + 7*p**3/6 - p**2/2 + 27*p. Is x(3) prime?
True
Suppose 5*f - 14052 = 30878. Suppose 2*m + 1596 = f. Is m a prime number?
False
Let f = -106 + 106. Suppose 0 = -f*b - 2*b + 5398. Is b a prime number?
True
Suppose -15*z + z + 429758 = 0. Is z a composite number?
False
Let f = 235533 + -113516. Is f a composite number?
True
Suppose -3*c - 211 = -5*m - 2*c, 4*m - c - 169 = 0. Is (m/(-12))/7 - 26457/(-6) a prime number?
True
Suppose 2*v - 3*m = 1094, -4*v + m + 2748 = v. Let z = 1491 - v. Is z composite?
False
Let b(d) = d**3 - 6*d**2 - 2*d + 10. Let u be b(6). Let q be ((-17471)/u)/((90/12)/15). Suppose 12*z - 6205 = q. Is z a composite number?
False
Let a = -25993 + 82482. Is a a prime number?
True
Let l = 8619 + -200. Is l a composite number?
False
Suppose 0 = 3*l + d - 148357, -24*l + d = -21*l - 148349. Is l prime?
True
Let z(k) = -9*k - 5. Let o be z(-1). Suppose 1 = -o*x - 3*v - 2, -2*v = -2*x + 2. Suppose x = 2*q - 261 - 637. Is q a prime number?
True
Let x = -48 + 60. Let m(d) = 349*d - 61. Is m(x) prime?
True
Let n = -43488 - -112853. Is n a composite number?
True
Suppose 5*c + 0*f - f = -53, 5*c = -f - 57. Let t(y) = -51*y - 34. Is t(c) a composite number?
True
Let b(i) = -31*i**3 + 11*i + 32. Let n be b(-5). Let x = 24294 - 12348. Suppose -x - n = -6*s. Is s prime?
True
Let u = -744848 + 1701613. Is u prime?
False
Let a = -99 - -102. Suppose 0 = a*w + 12. Is (5 - 1) + w + 2*29 a prime number?
False
Suppose -5*j - 3 = 17.